{"id":1739,"date":"2016-12-21T11:51:34","date_gmt":"2016-12-21T11:51:34","guid":{"rendered":"http:\/\/50.116.64.17\/~afmcrnet\/?page_id=1739"},"modified":"2017-05-17T22:57:16","modified_gmt":"2017-05-17T22:57:16","slug":"calculadora","status":"publish","type":"page","link":"https:\/\/www.afmcr.net\/?page_id=1739","title":{"rendered":"Calculadora"},"content":{"rendered":"<div class=\"wpb-content-wrapper\"><p>[vc_row css=&#8221;.vc_custom_1486417262565{margin-bottom: 60px !important;}&#8221;][vc_column][vc_column_text]<\/p>\n<h1 style=\"text-align: center;\">Calcule su Cr\u00e9dito<\/h1>\n<p>[\/vc_column_text][vc_column_text]\t<style>\n\t\t#sc-item-cat-3{\n\t\t\t\n\t\t}\n\t\t#sc-item-cat-3 .sc-content-cat-select label{\n\t\t\tdisplay: inline-block;\n\t\t\tvertical-align: middle;\n\t\t\twidth: 120px;\n\t\t}\n\t\t\n\t\t\t\t\t#sc-item-cat-3 .sc-content-cat-select select{\n\t\t\t\tborder-radius: 5px;\n\t\t\t}\n\t\t\n\t\t\t\t\t#sc-item-cat-3 .sc-content-cat-select select{\n\t\t\t\tcolor: #0f68a4;\n\t\t\t\tborder: 1px solid;\n\t\t\t\tbackground: #ffffff;\n\t\t\t\tmin-width: 170px !important;\n\t\t\t\tpadding: 6px;\n\t\t\t}\n\t\t\t\t<\/style>\n\t\n\t<div id=\"sc-item-cat-3\" class=\"tb_wpnks_catcals_wrapper\">\n\t\t<div class=\"tb_wpnks_catcals_list_cat\">\n\t\t\t<div class=\"sc-content-cat-select\">\n\t\t\t\t<label>Seleccione una opci\u00f3n<\/label>\t\t\t\t<select name=\"cat_id\" class=\"tb_wpnks_catcals_boxcat\">\n\t\t\t\t\t<option value=\"\">Seleccione una opci\u00f3n<\/option>\n\t\t\t\t\t\t\t\t\t\t<option value=\"11\" >Cr\u00e9dito Sector P\u00fablico<\/option>\n\t\t\t\t\t\t\t\t\t\t\t<option value=\"13\" >Descuento de Facturas<\/option>\n\t\t\t\t\t\t\t\t\t\t\t<option value=\"14\" >Capital de Trabajo<\/option>\n\t\t\t\t\t\t\t\t\t\t\t<option value=\"15\" >Adquisici\u00f3n, Remodelaci\u00f3n o Cancelaci\u00f3n de Pasivos<\/option>\n\t\t\t\t\t\t\t\t\t\t\t<option value=\"20\" >Cr\u00e9dito Sector Privado<\/option>\n\t\t\t\t\t\t\t\t\t<\/select>\n\t\t\t<\/div>\n\t\t<\/div>\n\t\t<div class=\"tb_wpnks_catcals_cal_content\">\n\t\t\t\n\t\t<\/div>\n\t<\/div>\n\t<script type=\"text\/javascript\">\n\tjQuery(document).ready(function($){\n\t\tvar location = window.location.protocol + '\/\/' +window.location.host+window.location.pathname;\n\t\tvar cat_id = $('.tb_wpnks_catcals_boxcat').val();\n\t\tconsole.log(cat_id);\n\t\tif(cat_id != ''){\n\t\t\t$('body').addClass('tb_load');\n\t\t\t$.ajax({\n\t\t\t\ttype: \"POST\",\n\t\t\t\turl: tbobjAjax.ajax_url,\n\t\t\t\tdata: {\"action\": \"wpnks_savings_content_cal\", \"id\": cat_id},\n\t\t\t\tsuccess: function (data) {\n\t\t\t\t\t$('body').removeClass('tb_load');\n\t\t\t\t\t$('.tb_wpnks_catcals_boxcat').parents('.tb_wpnks_catcals_wrapper').find('.tb_wpnks_catcals_cal_content').html(data);\n\t\t\t\t}\n\t\t\t});\n\t\t}\n\t\t$('.tb_wpnks_catcals_boxcat').change(function(e){\n\t\t\tvar _this = $(this);\n\t\t\tvar id = $(this).val();\n\t\t\tif(id !=''){\n\t\t\thistory.pushState('', '', location+\"?cat_id=\"+id);\n\t\t\t$('body').addClass('tb_load');\n\t\t\t\t$.ajax({\n\t\t\t\t\ttype: \"POST\",\n\t\t\t\t\turl: tbobjAjax.ajax_url,\n\t\t\t\t\tdata: {\"action\": \"wpnks_savings_content_cal\", \"id\": id},\n\t\t\t\t\tsuccess: function (data) {\n\t\t\t\t\t\t$('body').removeClass('tb_load');\n\t\t\t\t\t\t_this.parents('.tb_wpnks_catcals_wrapper').find('.tb_wpnks_catcals_cal_content').html(data);\n\t\t\t\t\t}\n\t\t\t\t});\n\t\t\t}\n\t\t})\n\t})\n\t<\/script>\n\t[\/vc_column_text][\/vc_column][\/vc_row][vc_row full_width=&#8221;stretch_row&#8221; el_class=&#8221;third_bg_color&#8221;][vc_column][vc_cta h2=&#8221;\u00bfEst\u00e1 buscando soluciones de cr\u00e9dito o financieras?&#8221; h2_font_container=&#8221;font_size:20px|color:%23ffffff|line_height:24px&#8221; h2_use_theme_fonts=&#8221;yes&#8221; shape=&#8221;square&#8221; style=&#8221;flat&#8221; add_button=&#8221;right&#8221; btn_title=&#8221;Solicite su Cr\u00e9dito&#8221; btn_style=&#8221;flat&#8221; btn_color=&#8221;theme_style_2&#8243; btn_align=&#8221;right&#8221; btn_i_align=&#8221;right&#8221; btn_i_icon_fontawesome=&#8221;fa fa-chevron-right&#8221; use_custom_fonts_h2=&#8221;true&#8221; btn_add_icon=&#8221;true&#8221; btn_link=&#8221;url:%2Frequisitos-y-solicitud%2F|||&#8221; css=&#8221;.vc_custom_1495061739740{margin-bottom: 0px !important;}&#8221; el_class=&#8221;third_bg_color&#8221;][\/vc_cta][\/vc_column][\/vc_row]<\/p>\n<\/div>","protected":false},"excerpt":{"rendered":"<p>[vc_row css=&#8221;.vc_custom_1486417262565{margin-bottom: 60px !important;}&#8221;][vc_column][vc_column_text] Calcule su Cr\u00e9dito [\/vc_column_text][vc_column_text][\/vc_column_text][\/vc_column][\/vc_row][vc_row full_width=&#8221;stretch_row&#8221; el_class=&#8221;third_bg_color&#8221;][vc_column][vc_cta h2=&#8221;\u00bfEst\u00e1 buscando soluciones de cr\u00e9dito o financieras?&#8221; h2_font_container=&#8221;font_size:20px|color:%23ffffff|line_height:24px&#8221; h2_use_theme_fonts=&#8221;yes&#8221; shape=&#8221;square&#8221; style=&#8221;flat&#8221; add_button=&#8221;right&#8221; btn_title=&#8221;Solicite su Cr\u00e9dito&#8221; btn_style=&#8221;flat&#8221; btn_color=&#8221;theme_style_2&#8243; btn_align=&#8221;right&#8221; btn_i_align=&#8221;right&#8221; btn_i_icon_fontawesome=&#8221;fa fa-chevron-right&#8221; use_custom_fonts_h2=&#8221;true&#8221; btn_add_icon=&#8221;true&#8221; btn_link=&#8221;url:%2Frequisitos-y-solicitud%2F|||&#8221; css=&#8221;.vc_custom_1495061739740{margin-bottom: 0px !important;}&#8221; el_class=&#8221;third_bg_color&#8221;][\/vc_cta][\/vc_column][\/vc_row]<\/p>\n","protected":false},"author":1,"featured_media":0,"parent":0,"menu_order":0,"comment_status":"closed","ping_status":"closed","template":"","meta":{"_monsterinsights_skip_tracking":false,"_monsterinsights_sitenote_active":false,"_monsterinsights_sitenote_note":"","_monsterinsights_sitenote_category":0,"footnotes":""},"class_list":["post-1739","page","type-page","status-publish","hentry"],"_links":{"self":[{"href":"https:\/\/www.afmcr.net\/index.php?rest_route=\/wp\/v2\/pages\/1739","targetHints":{"allow":["GET"]}}],"collection":[{"href":"https:\/\/www.afmcr.net\/index.php?rest_route=\/wp\/v2\/pages"}],"about":[{"href":"https:\/\/www.afmcr.net\/index.php?rest_route=\/wp\/v2\/types\/page"}],"author":[{"embeddable":true,"href":"https:\/\/www.afmcr.net\/index.php?rest_route=\/wp\/v2\/users\/1"}],"replies":[{"embeddable":true,"href":"https:\/\/www.afmcr.net\/index.php?rest_route=%2Fwp%2Fv2%2Fcomments&post=1739"}],"version-history":[{"count":28,"href":"https:\/\/www.afmcr.net\/index.php?rest_route=\/wp\/v2\/pages\/1739\/revisions"}],"predecessor-version":[{"id":2027,"href":"https:\/\/www.afmcr.net\/index.php?rest_route=\/wp\/v2\/pages\/1739\/revisions\/2027"}],"wp:attachment":[{"href":"https:\/\/www.afmcr.net\/index.php?rest_route=%2Fwp%2Fv2%2Fmedia&parent=1739"}],"curies":[{"name":"wp","href":"https:\/\/api.w.org\/{rel}","templated":true}]}}